f (2/2)/((-4)/(-48))?
1
Let n be (0 - 0)*(-2)/6. Suppose n = 3*i - 3 + 12. Let s(k) = -k**2 - 4*k - 1. What is the units digit of s(i)?
2
Let f = 76 + -37. What is the units digit of f?
9
Let x(a) = -4*a**3 + 2*a**2 - 2*a - 1. Let n be x(-2). Let q = n - 24. Let u = q - 10. What is the units digit of u?
9
Let n(d) be the second derivative of -d**3 + d**2 - 3*d. What is the tens digit of n(-4)?
2
Let n = 1 + 1. Let p = n - -7. What is the units digit of p?
9
Let t = 11 + -6. Let w = -1 + t. Suppose w*d - 62 = -2*z - 8, 2*z = 4*d - 66. What is the tens digit of d?
1
Let w be (-2)/(1 + -1 + 1). Let f(d) = -4*d - 2. Let x be f(w). Let s(q) = -q**3 + 6*q**2 + q - 3. What is the units digit of s(x)?
3
Suppose 6 - 2 = 2*o. Let b(u) = o*u**3 + 4*u**2 - 2*u + 6 + 3*u - 1 - u**3. What is the units digit of b(-4)?
1
Suppose 2*s + 5*g - 71 = -0*s, 0 = 5*s - 2*g - 221. What is the units digit of s?
3
Let f = 5 + -3. Suppose -5*t + 0*h + 73 = -f*h, -5*h = -3*t + 59. What is the units digit of t?
3
Let t be -2 + 63 - (-3)/1. Suppose -3*b + 33 = k, -4*k + k + t = 2*b. What is the tens digit of k?
1
Suppose -5*o + 12 = -o. Let h(w) = w**3 - 4*w**2 + 5. Let j be h(3). Let s = o - j. What is the units digit of s?
7
Let c be ((-1)/3)/(1/(-6)). Suppose -5*x + 19 = -u - 26, 42 = 4*x - c*u. What is the units digit of x?
8
Let v(o) = -7*o**3 + o + 1. What is the units digit of v(-1)?
7
Let u = 104 - 76. What is the tens digit of u?
2
What is the units digit of (-37 - 1)*(-2 + 1)?
8
Let t = 3 + -2. Let g = t - 3. Let n(w) = -w**3 - 2*w**2 - w + 1. What is the units digit of n(g)?
3
Suppose -7*j - j = -344. What is the tens digit of j?
4
Let q = -2 + -7. Let s = q + -31. What is the units digit of (s/(-6))/((-4)/(-12))?
0
Let g = -6 + 5. Let r be g + 1 + (-1)/(-1). Let l = r - -1. What is the units digit of l?
2
Let r = -2 - -6. Let v(j) = -2*j**2 - 2*j - 6. Let t(w) = -5*w**2 - 7*w - 17. Let l(c) = -3*t(c) + 8*v(c). What is the units digit of l(r)?
7
Let w(i) = 10*i + 3. Let t be w(3). Let c = t - 15. Suppose d - 2*k = c, 2*k + k + 31 = 2*d. What is the units digit of d?
8
Let f = -36 - -50. Let a = 21 - f. What is the units digit of a?
7
Let q be 6/6 - (-2 - -1). Let d(v) = 5*v + 5*v + 1 - v**q + 0*v - 4*v. What is the units digit of d(6)?
1
Suppose 4*r - r = -18. Let g = -10 - r. Let f(j) = j**3 + 3*j**2 - 5*j - 2. What is the units digit of f(g)?
2
Suppose 0 = 2*h + 3*p - 135, -p + 162 = 4*h - 123. What is the units digit of h?
2
Let b = -297 + 447. What is the tens digit of b?
5
Let h(i) = -2*i**3 + 21*i**2 - 3*i - 8. Let u(k) = 3*k**3 - 31*k**2 + 4*k + 12. Let s(j) = -7*h(j) - 5*u(j). What is the units digit of s(8)?
4
Suppose 15 + 20 = 5*r. Suppose 3*j - 14 = -2*t, 0 = -0*j - 2*j + t + r. What is the units digit of j?
4
Suppose -v - 3*v = -16. Suppose v*u - 32 = -0*u. Suppose u - 29 = -3*z. What is the units digit of z?
7
Let c(p) = p. Let x(a) = -4*a + 6. Let r(h) = -3*c(h) - x(h). Let n be r(8). What is the units digit of (-1 - 1)/n - -6?
5
Let i(h) = h**2 + 8*h + 12. What is the units digit of i(-10)?
2
Suppose 0 = -2*m + 2*r + r + 48, -3*m + 46 = 2*r. Suppose m = 4*f - 54. What is the units digit of f?
8
Let l(d) = d**2 - 4*d - 2. What is the units digit of l(5)?
3
What is the hundreds digit of 1*11/((-55)/(-970))?
1
Let k be (-3)/(2 + (-2)/4). What is the units digit of (k - 24)/(-2) + -1?
2
Let v = 38 + 0. Suppose -2*j + 4*j = v. What is the units digit of j?
9
Suppose 2*n - 488 = 90. What is the tens digit of n?
8
Let y(i) be the first derivative of -7*i**2/2 - 15*i + 1. Let k(u) = u + 1. Let t(o) = 5*k(o) + y(o). What is the units digit of t(-8)?
6
Let a(k) be the first derivative of k**4/4 - 7*k**3/3 - 8*k - 2. Let o be a(7). What is the units digit of (7/4)/((-2)/o)?
7
Suppose -3*w + w = -4*b - 18, -17 = -4*b - 5*w. Let u be 10 + -1 + -2 - b. What is the units digit of 6/(u/3) - -1?
3
Let f(y) = -6*y - 22. What is the units digit of f(-10)?
8
Suppose j = 6*j - 210. What is the units digit of j?
2
Let m(b) = b**3 - b**2. Let p be m(0). Suppose p = 3*d - 39 + 6. Suppose 0 = -4*k - v + d, 5*k - 5*v = 3*k + 11. What is the units digit of k?
3
Let t be 884/(-2) + 2/1. What is the tens digit of (24/10)/((-22)/t)?
4
Suppose -m = 2*m + 99. What is the units digit of (-171)/m + 2/(-11)?
5
Suppose -2*y = 2*t - 4*y - 90, -3*t + 127 = -y. What is the units digit of t?
1
Suppose -27 = -g + 47. What is the tens digit of g?
7
Let k(g) = g**3 + 15*g**2 + 14*g + 36. What is the units digit of k(-12)?
0
What is the tens digit of 14/28 - 69/(-2)?
3
What is the tens digit of (8/16)/((-1)/(-82))?
4
Let c be ((-45)/12)/(-2*3/24). Suppose 0 = j - 2 - 0. Suppose 3*t - 72 = -5*v + 7*t, -j*v - 3*t = -c. What is the tens digit of v?
1
Let g(j) = -j**3 + 13*j**2 - 5*j - 1. What is the tens digit of g(12)?
8
Let b be ((-1)/1)/(1/6). Let o(j) = j**2 + 7*j + 9. Let p be o(b). Suppose -1 = -4*l + p. What is the units digit of l?
1
Let n be (-3 - -2)/(1/(-18)). Suppose 4*a = n + 26. What is the tens digit of a?
1
Let l be 1010/12 + 2/(-12). Suppose 3*t - 4*h = -l, -6*t + h = -2*t + 112. What is the units digit of 8/t - 18/(-14)?
1
Let d = 28 + 27. What is the tens digit of d?
5
Let k = -12 + 4. What is the units digit of 45/18*k/(-1)?
0
Suppose 2*b + 177 = 5*b - 3*r, 2*r = b - 59. What is the units digit of b?
9
Suppose 2*n + 0*n + 2 = 4*p, 0 = -5*p + 2*n + 4. Suppose 0 = -4*f + 4. Suppose p*u = f + 1. What is the units digit of u?
1
Let k be (-1 + 2)*4 - 1. Suppose p + 2*s = -0*s + 3, 0 = -p + 4*s - k. What is the units digit of p?
1
Let t(c) = 4*c**2 + 2*c - 3. Let v(n) = 5*n**2 + 3*n - 3. Let r(x) = -7*t(x) + 6*v(x). Let l be -1 - ((-1 - -1) + 1). What is the units digit of r(l)?
3
Suppose -4*c + 2*c + 4 = 0. Suppose -c = -2*i - 12, -5*o + 275 = 4*i. What is the units digit of o?
9
Let w(x) = -x + 14. Let v be w(8). Suppose 5*n = v*n - 2. Suppose n*k = -3*k + 45. What is the units digit of k?
9
What is the hundreds digit of (13 + -9)*(-94)/(-1)?
3
Let l(g) = 7*g**2 + g - 1. Let h be l(1). Suppose -3*c + 2*b - 25 - 12 = 0, 2*c - h = -5*b. What is the units digit of (-65)/c - (-8)/(-36)?
7
Let c be (-245)/30 + 2/12. Let q = 3 - 6. Let o = q - c. What is the units digit of o?
5
Let r be (3/2)/((-18)/(-24)). Suppose 3*k - 5*b = 5*k - 67, -r*b + 10 = 0. What is the units digit of k?
1
Let i = 3 + -1. Suppose -i*m = -6*m + 24. Suppose -s - s = -m. What is the units digit of s?
3
Let l(q) = -7*q**2 - 7*q + 7. Let d(j) = -10*j**2 - 2 + 5 + 4*j**2 + 3 - 6*j. Let x(b) = -6*d(b) + 5*l(b). What is the units digit of x(1)?
1
Suppose -3*r + 5*w + 34 = 0, r + 2 = w + 14. What is the tens digit of r?
1
What is the units digit of (1 + 5/(-6))*6?
1
Let f be ((-1)/1)/((-3)/(-18)). Let k = 3 - f. What is the units digit of k?
9
Let w = 87 - 7. Suppose -5*x = 5*z - 4*x - w, -x = -4*z + 64. What is the units digit of z?
6
Suppose 3*x = 80 + 58. What is the tens digit of x?
4
Suppose -3*p + 4 = -8. Suppose -2*q + 5*q - 31 = 5*c, -p*c = -q + 22. Suppose q*v - 3 = 9. What is the units digit of v?
6
Suppose 5*g - 484 = g. What is the units digit of g?
1
Suppose 2*i - 147 = 107. What is the tens digit of i?
2
Let m(j) be the second derivative of j**4/12 + 5*j**3/6 - j**2/2 - 2*j. Let l be m(-5). What is the units digit of -5*(0 + 2)*l?
0
Let j(c) = 138*c**2 - 5*c - 3. What is the units digit of j(-1)?
0
Suppose z - 12 = -2*z, -2*z = -5*s + 402. What is the units digit of s?
2
Suppose 14*o - 381 = 11*o. What is the hundreds digit of o?
1
Suppose -25 = -5*x, 17 + 16 = 4*a + x. Let y = a - 5. What is the units digit of y?
2
Let z(j) = -5*j - 5. Let v be z(-4). Let i = v - 10. What is the units digit of i?
5
Let h be -5*((-27)/(-15) - 1). Let q(y) = -y - 7. Let w be q(h). Let a = w - -9. What is the units digit of a?
6
Let m(q) be the first derivative of 3*q**2/2 - 4*q - 3. Let h be m(-3). Let z = 1 - h. What is the units digit of z?
4
Let s(c) = -2*c**2 - 2*c**2 - 7 + 6*c + 5*c**2. Let v be s(-7). Suppose -3*n = -5*u + 2*u + 3, v = -2*n + u + 3. What is the units digit of n?
4
Suppose -5*l = -5, 4*r + 2*l - 169 = -3*l. What is the tens digit of r?
4
Suppose 9 = 4*u - z + 2*z, 5 = z. What is the units digit of (16 - -3)/(0 + u)?
9
Suppose -4*o + 0 = -8. Suppose 0 = -o*x + 14 + 6. What is the units digit of 